32449?
5
What is the ten thousands digit of 41580100?
8
What is the thousands digit of 241427193?
7
What is the tens digit of 98214530?
3
What is the thousands digit of 4040105?
0
What is the ten millions digit of 158427593?
5
What is the billions digit of 2762734936?
2
What is the ten millions digit of 155743898?
5
What is the hundreds digit of 521010198?
1
What is the hundreds digit of 83468629?
6
What is the hundred thousands digit of 181545456?
5
What is the hundred thousands digit of 360506067?
5
What is the hundred thousands digit of 1444929928?
9
What is the units digit of 1804448520?
0
What is the units digit of 4284072?
2
What is the tens digit of 4362191369?
6
What is the tens digit of 3563847489?
8
What is the hundred millions digit of 115225505?
1
What is the hundred thousands digit of 132522006?
5
What is the hundred thousands digit of 2912069582?
0
What is the tens digit of 983737291?
9
What is the hundred millions digit of 2629935146?
6
What is the ten thousands digit of 164298982?
9
What is the hundred thousands digit of 2542974?
5
What is the millions digit of 11611004?
1
What is the ten thousands digit of 57832028?
3
What is the hundred millions digit of 414995618?
4
What is the hundreds digit of 12137427?
4
What is the millions digit of 256811272?
6
What is the hundred millions digit of 328022927?
3
What is the thousands digit of 78987665?
7
What is the hundred millions digit of 176005262?
1
What is the units digit of 40708343?
3
What is the ten thousands digit of 193101336?
0
What is the millions digit of 53491552?
3
What is the ten millions digit of 1186884313?
8
What is the thousands digit of 921603047?
3
What is the hundred millions digit of 401771186?
4
What is the tens digit of 6868015715?
1
What is the hundred thousands digit of 1609416554?
4
What is the tens digit of 298645194?
9
What is the units digit of 22587281?
1
What is the tens digit of 1654479282?
8
What is the units digit of 1060806805?
5
What is the thousands digit of 131692772?
2
What is the thousands digit of 92164079?
4
What is the millions digit of 1640426005?
0
What is the thousands digit of 8598982181?
2
What is the hundred thousands digit of 109552713?
5
What is the tens digit of 594682481?
8
What is the hundreds digit of 3950913625?
6
What is the ten millions digit of 199419704?
9
What is the ten thousands digit of 108714183?
1
What is the units digit of 19385279?
9
What is the ten thousands digit of 3634867?
3
What is the hundred thousands digit of 626205851?
2
What is the hundreds digit of 790853666?
6
What is the hundred thousands digit of 275284536?
2
What is the millions digit of 231707308?
1
What is the hundred millions digit of 108064046?
1
What is the tens digit of 36140740?
4
What is the hundreds digit of 6130161?
1
What is the millions digit of 108281440?
8
What is the ten millions digit of 298366794?
9
What is the thousands digit of 57454561?
4
What is the ten millions digit of 231492428?
3
What is the millions digit of 61584298?
1
What is the thousands digit of 562808499?
8
What is the hundred millions digit of 1041196438?
0
What is the hundreds digit of 72999013?
0
What is the hundred millions digit of 102360469?
1
What is the tens digit of 2962118434?
3
What is the thousands digit of 19455559?
5
What is the thousands digit of 44703510?
3
What is the thousands digit of 47688605?
8
What is the units digit of 426136439?
9
What is the ten millions digit of 2384579346?
8
What is the tens digit of 128882154?
5
What is the ten thousands digit of 221087750?
8
What is the tens digit of 47247812?
1
What is the hundred millions digit of 1963713280?
9
What is the hundred thousands digit of 880865510?
8
What is the hundred millions digit of 2412939285?
4
What is the tens digit of 38858150?
5
What is the thousands digit of 2923595759?
5
What is the hundred thousands digit of 5472425?
4
What is the hundreds digit of 68319675?
6
What is the hundred thousands digit of 22079414?
0
What is the hundreds digit of 277022942?
9
What is the hundred thousands digit of 24840958?
8
What is the tens digit of 267380327?
2
What is the millions digit of 537624334?
7
What is the hundreds digit of 44661857?
8
What is the tens digit of 1292817735?
3
What is the thousands digit of 93169801?
9
What is the hundred thousands digit of 25951993?
9
What is the hundreds digit of 111087763?
7
What is the hundred thousands digit of 224992637?
9
What is the units digit of 180781221?
1
What is the thousands digit of 214737878?
7
What is the tens digit of 2168798055?
5
What is the hundred millions digit of 407372298?
4
What is the tens digit of 208492895?
9
What is the units digit of 39408239?
9
What is the tens digit of 56533448?
4
What is the thousands digit of 85869068?
9
What is the thousands digit of 561538313?
8
What is the ten millions digit of 487913976?
8
What is the thousands digit of 170048252?
8
What is the thousands digit of 100113432?
3
What is the ten millions digit of 3118894689?
1
What is the millions digit of 7745554215?
5
What is the hundred millions digit of 1272870781?
2
What is the hundred thousands digit of 4688660?
6
What is the tens digit of 4580775622?
2
What is the tens digit of 288839761?
6
What is the ten millions digit of 3767756376?
6
What is the millions digit of 6783166?
6
What is the hundreds digit of 80438054?
0
What is the hundred thousands digit of 87430657?
4
What is the tens digit of 250805444?
4
What is the tens digit of 120950018?
1
What is the hundreds digit of 6079597767?
7
What is the hundreds digit of 36152022?
0
What is the millions digit of 70044435?
0
What is the millions digit of 476141506?
6
What is the thousands digit of 65019943?
9
What is the units digit of 1292690686?
6
What is the hundreds digit of 9078229?
2
What is the ten thousands digit of 1455288028?
8
What is the thousands digit of 34814253?
4
What is the hundreds digit of 22119651?
6
What is the units digit of 256886288?
8
What is the thousands digit of 2888704708?
4
What is the hundreds digit of 1683576140?
1
What is the hundred thousands digit of 2074764207?
7
What is the millions digit of 2002671278?
2
What is the millions digit of 387097735?
7
What is the tens digit of 248377664?
6
What is the ten millions digit of 1408463604?
0
What is the hundred thousands digit of 839805246?
8
What is the units digit of 196369566?
6
What is the ten millions digit of 49178349?
4
What is the billions digit of 1128777130?
1
What is the billions digit of 1271682605?
1
What is the tens digit of 124240777?
7
What is the hundred millions digit of 115792725?
1
What is the millions digit of 2617303459?
7
What is the tens digit of 402910446?
4
What is the hundred thousands digit of 38457230?
4
What is the thousands digit of 318281502?
1
What is the hundred thousands digit of 3010981662?
9
What is the hundreds digit of 268333163?
1
What is the hundred thousands digit of 60491669?
4
What is the ten thousands digit of 19710897?
1
What is the units digit of 502707213?
3
What is the tens digit of 40425794?
9
What is the hundreds digit of 1694693632?
6
What is the ten thousands digit of 2352448404?
4
What is the thousands digit of 609471688?
1
What is the ten millions digit of 101824449?
0
What is the hundreds digit of 69070743?
7
What is the ten millions digit of 38243174?
3
What is the units digit of 81200233?
3
What is the millions digit of 1398937783?
8
What is the hundred thousands digit of 257726546?
7
What is the ten millions digit of 3660563286?
6
What is the hundred thousands digit of 208853978?
8
What is the ten millions digit of 61012384?
6
What is the billions digit of 2589019695?
2
What is the tens digit of 73578514?
1
What is the hundred millions digit of 748497216?
7
What is the thousands digit of 1478740261?
0
What is the units digit of 7346418?
8
What is the tens digit of 32557363?
6
What is the ten millions digit of 56215305?
5
What is the units digit of 2754720108?
8
What is the hundred thousands digit of 250069092?
0
What is the hundreds digit of 1910818538?
5
What is the tens digit of 158137757?
5
What is the thousands digit of 55718027?
8
What is the tens digit of 734449350?
5
What is the units digit of 72129902?
2
What is the units digit of 347619199?
9
What is the ten